4
91a1 (base 14) to base 13
b518
1617 (base 13) to base 10
3231
-53041 (base 6) to base 11
-5413
What is -464c (base 15) in base 7?
-61335
330332 (base 6) to base 4
12223100
What is -11230102 (base 4) in base 9?
-34874
Convert 89b (base 12) to base 9.
1662
What is -116175 (base 8) in base 15?
-bd0b
What is -337b (base 12) in base 13?
-27a4
What is -33 (base 8) in base 11?
-25
161 (base 14) to base 5
2111
165 (base 8) to base 13
90
Convert 244 (base 10) to base 14.
136
Convert -1279 (base 12) to base 2.
-100000111101
What is -8006 (base 9) in base 15?
-1ae3
Convert -2336 (base 9) to base 8.
-3306
Convert -177 (base 14) to base 6.
-1221
3598 (base 10) to base 3
11221021
What is 34d (base 15) in base 7?
2116
-1134011 (base 6) to base 2
-1110011100110111
Convert -4102213 (base 5) to base 3.
-10100102222
-12410 (base 5) to base 11
-811
Convert -d198 (base 15) to base 12.
-2172b
-3282 (base 11) to base 12
-2605
Convert 8575 (base 13) to base 3.
221101211
Convert 2101121 (base 3) to base 6.
12024
Convert -4a (base 14) to base 6.
-150
70 (base 9) to base 8
77
1000100010100 (base 2) to base 14
1844
Convert -299a (base 12) to base 10.
-4870
What is -435 (base 6) in base 9?
-205
What is -3560 (base 8) in base 11?
-1481
1367 (base 8) to base 12
533
Convert -10043 (base 9) to base 2.
-1100111001000
What is 5e (base 16) in base 9?
114
What is -541a3 (base 11) in base 4?
-103032223
1684 (base 12) to base 5
41232
-23422 (base 6) to base 13
-1715
What is -46b (base 14) in base 11?
-72a
a6b (base 12) to base 5
22043
214 (base 13) to base 16
163
Convert -10211122 (base 3) to base 15.
-c68
10ef (base 16) to base 4
1003233
Convert -100111001111 (base 2) to base 14.
-cb5
Convert -da3 (base 14) to base 9.
-3620
-1213 (base 8) to base 5
-10101
-1150 (base 6) to base 12
-1b6
Convert -1101 (base 10) to base 3.
-1111210
What is 2a95 (base 11) in base 4?
332020
What is 1003131 (base 4) in base 9?
5826
Convert 202002020 (base 3) to base 15.
4510
-247 (base 13) to base 9
-481
Convert -452 (base 15) to base 6.
-4305
40421 (base 5) to base 16
a33
371 (base 16) to base 5
12011
What is 7d22 (base 14) in base 15?
66c6
Convert -4744 (base 12) to base 6.
-100524
Convert -20001022 (base 3) to base 14.
-186d
10010101 (base 2) to base 13
b6
1454 (base 6) to base 4
12022
What is 2555 (base 7) in base 9?
1288
-477 (base 10) to base 15
-21c
What is -31875 (base 9) in base 16?
-5288
What is 3234 (base 8) in base 11?
12a9
1381 (base 9) to base 12
731
7263 (base 8) to base 6
25231
Convert -8a7 (base 13) to base 14.
-785
What is 3ba5 (base 13) in base 9?
12688
Convert -112b (base 14) to base 4.
-232203
What is -12 (base 14) in base 5?
-31
-2002 (base 4) to base 9
-154
-4100 (base 5) to base 12
-379
What is -9b6 (base 16) in base 15?
-b0b
Convert -2316 (base 10) to base 16.
-90c
Convert 1110101101 (base 2) to base 3.
1021212
What is 4152 (base 14) in base 5?
324434
1c8 (base 13) to base 12
239
What is 4559 (base 14) in base 3?
121111202
Convert 4505 (base 16) to base 6.
213445
What is 122221101 (base 3) in base 4?
3030112
4879 (base 12) to base 13
3936
What is 1101 (base 3) in base 16?
25
What is 131b (base 14) in base 16?
d1d
What is -1010010011001110 (base 2) in base 11?
-29775
Convert -30601 (base 8) to base 14.
-4893
670 (base 11) to base 15
388
What is 3307 (base 8) in base 2?
11011000111
-141233 (base 5) to base 4
-1122322
Convert 16165 (base 7) to base 2.
1000111001011
Convert 1876 (base 16) to base 14.
23d4
Convert 31 (base 7) to base 15.
17
Convert 337 (base 9) to base 2.
100010101
1000101011 (base 2) to base 4
20223
What is -183 (base 14) in base 4?
-10313
Convert 1275 (base 12) to base 9.
2788
Convert 1001110001 (base 2) to base 4.
21301
-19f4 (base 16) to base 4
-1213310
Convert -24030 (base 5) to base 7.
-5101
-b8c (base 13) to base 4
-132313
4840 (base 11) to base 8
14300
What is 132020 (base 4) in base 2?
11110001000
What is 2403 (base 7) in base 16?
375
Convert -48d (base 15) to base 7.
-3004
Convert -5404 (base 6) to base 16.
-4cc
-342 (base 7) to base 12
-129
Convert 3d8 (base 14) to base 6.
3334
a597 (base 13) to base 16
599b
Convert 110310 (base 7) to base 14.
70b0
Convert 14858 (base 10) to base 6.
152442
What is -13403 (base 5) in base 3?
-1111212
-113261 (base 7) to base 15
-6088
-20254 (base 7) to base 15
-16e4
Convert a192 (base 11) to base 4.
3103130
What is 1d8 (base 15) in base 10?
428
What is -1210020 (base 3) in base 6?
-10010
Convert 2594 (base 14) to base 3.
100001101
111111101000 (base 2) to base 12
2434
-111010101001010 (base 2) to base 10
-30026
-15620 (base 12) to base 5
-1432024
What is 100311 (base 5) in base 11?
2455
Convert 1d21 (base 16) to base 15.
2322
4b2 (base 12) to base 6
3142
What is -2371 (base 9) in base 11?
-1365
-30090 (base 10) to base 7
-153504
Convert 1334 (base 13) to base 14.
1003
10a (base 12) to base 13
bb
33443 (base 6) to base 11
359a
24c (base 13) to base 3
112220
Convert -202312 (base 5) to base 13.
-2cc4
What is -1044032 (base 5) in base 15?
-57cc
What is 3051 (base 7) in base 3?
1110110
Convert -114204 (base 5) to base 9.
-5812
What is 4432 (base 10) in base 8?
10520
795 (base 10) to base 9
1073
1844 (base 9) to base 3
1221111
Convert 18725 (base 11) to base 5.
1314123
Convert 59 (base 15) to base 6.
220
What is -2210 (base 7) in base 2?
-1100010111
-958 (base 12) to base 6
-10152
Convert 4fa (base 16) to base 4.
103322
What is -107752 (base 8) in base 7?
-212261
What is -3021 (base 4) in base 12?
-149
Convert 1662 (base 11) to base 6.
13501
What is 100 (base 10) in base 13?
79
Convert -46556 (base 7) to base 12.
-6ab8
-1210 (base 11) to base 9
-2150
What is -1aa (base 11) in base 16?
-f1
What is -1b593 (base 12) in base 13?
-15612
What is -201 (base 10) in base 2?
-11001001
Convert -8fb (base 16) to base 2.
-100011111011
Convert -223a (base 11) to base 9.
-4034
Convert -1133112 (base 4) to base 5.
-143402
Convert -551024 (base 7) to base 5.
-11041101
Convert -1523 (base 6) to base 3.
-120020
Convert 13047 (base 9) to base 3.
110001121
1956 (base 10) to base 6
13020
What is -4247 (base 8) in base 11?
-1734
Convert -2340 (base 7) to base 12.
-5b9
Convert -1165 (base 13) to base 2.
-100110010001
Convert -2121211 (base 4) to base 10.
-9829
Convert -2c5 (base 16) to base 3.
-222021
-47cb (base 16) to base 2
-100011111001011
Convert 442603 (base 7) to base 12.
39047
Convert 6e50 (base 15) to base 4.
11232303
What is 1301231 (base 4) in base 11?
5516
What is 607 (base 9) in base 4?
13231
Convert -10001110111011 (base 2) to base 3.
-110112210
Convert 31015 (base 7) to base 10.
7558
Convert -724 (base 8) to base 6.
-2100
-1322 (base 4) to base 9
-145
What is -101121201 (base 3) in base 15?
-2461
Convert 6516 (base 9) to base 2.
1001010111010
Convert 100032 (base 4) to base 3.
1102110
-505 (base 10) to base 8
-771
Convert 112001011 (base 3) to base 11.
7767
Convert -4848 (base 13) to base 7.
-41511
Convert 1121330 (base 4) to base 6.
42352
What is -1101101110110101 (base 2) in base 10?
-56245
What is 60d (base 16) in base 14?
7c9
Convert 3b8c (base 13) to base 10.
8566
12322 (base 9) to base 13
3a01
-7481 (base 14) to base 7
-112421
348 (base 16) to base 11
6a4
What is 311a (base 15) in base 2?
10100010000111
Convert -10 (base 3) to base 12.
-3
What is -1011 (base 8) in base 9?
-638
4b72 (base 12) to base 7
34010
What is 2239 (base 11) in base 2?
101110000010
Convert -1172 (base 9) to base 10.
-875
Convert 1241 (base 5) to base 3.
21021
What is 104 (base 9) in base 3?
10011
-2b9 (base 14) to base 15
-270
Convert -1721 (base 8) to base 9.
-1305
What is 1489 (base 12) in base 16?
969
What is -101000 (base 2) in base 4?
-220
Convert -64440 (base 7) to base 5.
-1003002
What is 3dd (base 14) in base 10?
783
224414 (base 5) to base 11
6102
What is 1001110001 (base 2) in base 13?
391
-14202 (base 5) to base 11
-980
What is 550 (base 8) in base 7?
1023
Convert 1000010011 (base 2) to base 5.
4111
Convert -410b (base 12) to base 16.
-1b9b
What is -3046 (base 9) in base 10?
-2229
Convert 29 (base 15) to base 8.
47
Convert 111102 (base 3) to base 2.
101101010
Convert -1001020022 (base 3) to base 9.
-31208
What is -1010201 (base 3) in base 8?
-1475
6346 (base 7) to base 16
8bf
22135 (base 8) to base 14
356d
-1f4 (base 16) to base 11
-415
-213a